{"id":1934,"date":"2023-08-06T17:18:44","date_gmt":"2023-08-06T17:18:44","guid":{"rendered":"https:\/\/academiaolhodehorus.com.br\/?page_id=1934"},"modified":"2023-08-07T02:05:51","modified_gmt":"2023-08-07T02:05:51","slug":"inspiracoes","status":"publish","type":"page","link":"https:\/\/academiaolhodehorus.com.br\/index.php\/inspiracoes\/","title":{"rendered":"Inspira\u00e7\u00f5es"},"content":{"rendered":"\n<div class=\"wp-block-group alignwide has-background is-layout-constrained wp-container-1\" style=\"border-style:none;border-width:0px;border-radius:0px;background-color:#f2f0e9;padding-top:0;padding-right:0;padding-bottom:0;padding-left:0\">\n<hr class=\"wp-block-separator has-css-opacity is-style-default\"\/>\n\n\n\n<figure class=\"wp-block-image aligncenter size-thumbnail is-style-rounded\"><img decoding=\"async\" loading=\"lazy\" width=\"150\" height=\"150\" src=\"https:\/\/academiaolhodehorus.com.br\/wp-content\/uploads\/2023\/07\/IMG-20230703-WA0000-150x150.jpg\" alt=\"\" class=\"wp-image-20\"\/><\/figure>\n\n\n\n<blockquote class=\"wp-block-quote has-text-align-left is-style-large\">\n<p class=\"has-text-align-center\" style=\"font-size:16px\"><strong><strong>Inspira\u00e7\u00f5es<\/strong><\/strong><\/p>\n\n\n\n<p class=\"has-text-align-left\" style=\"font-size:16px\">O nome <strong><em>ACADEMIA OLHO DE H\u00d3RUS<\/em><\/strong> surgiu de duas inspira\u00e7\u00f5es.<\/p>\n\n\n\n<p class=\"has-text-align-left\" style=\"font-size:16px\">A primeira, a <strong>Academia de Plat\u00e3o<\/strong>, com seu conceito de conhecimento vivo, livre, aberto, plural e democr\u00e1tico.<\/p>\n\n\n\n<p class=\"has-text-align-left\" style=\"font-size:16px\">Conforme o site <a href=\"https:\/\/arazao.org\/a-academia-de-platao\/\" target=\"_blank\" rel=\"noreferrer noopener\">A Raz\u00e3o<\/a>, a <strong>Academia de Plat\u00e3o<\/strong> \u00e9 \u201cconsiderada o primeiro instituto de investiga\u00e7\u00e3o filos\u00f3fica e cient\u00edfica concebido com a finalidade de conjugar esfor\u00e7os de um grupo orientado a pensar por si pr\u00f3prio, a Escola de Plat\u00e3o via no conhecimento algo vivo e din\u00e2mico; ou seja, nunca considerado verdade definitiva ou sagrada, e sim sempre pass\u00edvel de discuss\u00e3o. Nada, portanto, de limitar-se a guardar e repetir doutrinas ou li\u00e7\u00f5es, dizia o mestre. Nada de pr\u00e1ticas de simples demonstra\u00e7\u00e3o de cultura.<\/p>\n\n\n\n<p class=\"has-text-align-left\" style=\"font-size:16px\">Na educa\u00e7\u00e3o dos jovens acad\u00eamicos, o objetivo era realizar, em todos os campos do saber, o ideal da autonomia, ou independ\u00eancia. Para tanto, \u00b4era preciso ensinar-lhes, em primeiro lugar, a liberdade de pensar, o livre esp\u00edrito de pesquisa, o compromisso do pensamento apenas com a verdade; em segundo lugar, estimular a autodetermina\u00e7\u00e3o \u00e9tica e pol\u00edtica\u00b4.<\/p>\n\n\n\n<p class=\"has-text-align-left\" style=\"font-size:16px\">A segunda inspira\u00e7\u00e3o veio da mitologia eg\u00edpcia que conta a <strong>hist\u00f3ria de<\/strong> <strong>H\u00f3rus<\/strong>, filho dos deuses \u00cdsis e Osiris, e que remete a prote\u00e7\u00e3o, for\u00e7a, regenera\u00e7\u00e3o, \u00e0quele que observa todos com olhar rigoroso e zeloso.<\/p>\n\n\n\n<p class=\"has-text-align-left\" style=\"font-size:16px\">O site <a href=\"https:\/\/www.educamaisbrasil.com.br\/enem\/religiao\/deus-horus\" target=\"_blank\" rel=\"noreferrer noopener\">Educa Mais Brasil<\/a> afirma que \u201cas lendas dos deuses&nbsp;eg\u00edpcios dizem que&nbsp;o poder de H\u00f3rus estava justamente nos olhos \u2013 um dos lados representava o sol, o outro a lua. A parte solar simboliza o poder, o masculino e a integridade f\u00edsica. J\u00e1 a lunar, a ess\u00eancia da cura, o feminino, e a capacidade de controlar as energias espirituais\u201d.<\/p>\n<cite>\u2014 by Bystenders, <em>Editorial<\/em><\/cite><\/blockquote>\n\n\n\n<div style=\"height:15px\" aria-hidden=\"true\" class=\"wp-block-spacer\"><\/div>\n\n\n\n<hr class=\"wp-block-separator has-css-opacity is-style-default\"\/>\n<\/div>\n","protected":false},"excerpt":{"rendered":"<p>Inspira\u00e7\u00f5es O nome ACADEMIA OLHO DE H\u00d3RUS surgiu de duas inspira\u00e7\u00f5es. A primeira, a Academia de Plat\u00e3o, com seu conceito de conhecimento vivo, livre, aberto, plural e democr\u00e1tico. Conforme o site A Raz\u00e3o, a Academia de Plat\u00e3o \u00e9 \u201cconsiderada o primeiro instituto de investiga\u00e7\u00e3o filos\u00f3fica e cient\u00edfica concebido com a finalidade de conjugar esfor\u00e7os de [&hellip;]<\/p>\n","protected":false},"author":2,"featured_media":0,"parent":0,"menu_order":0,"comment_status":"closed","ping_status":"closed","template":"","meta":[],"_links":{"self":[{"href":"https:\/\/academiaolhodehorus.com.br\/index.php\/wp-json\/wp\/v2\/pages\/1934"}],"collection":[{"href":"https:\/\/academiaolhodehorus.com.br\/index.php\/wp-json\/wp\/v2\/pages"}],"about":[{"href":"https:\/\/academiaolhodehorus.com.br\/index.php\/wp-json\/wp\/v2\/types\/page"}],"author":[{"embeddable":true,"href":"https:\/\/academiaolhodehorus.com.br\/index.php\/wp-json\/wp\/v2\/users\/2"}],"replies":[{"embeddable":true,"href":"https:\/\/academiaolhodehorus.com.br\/index.php\/wp-json\/wp\/v2\/comments?post=1934"}],"version-history":[{"count":11,"href":"https:\/\/academiaolhodehorus.com.br\/index.php\/wp-json\/wp\/v2\/pages\/1934\/revisions"}],"predecessor-version":[{"id":2041,"href":"https:\/\/academiaolhodehorus.com.br\/index.php\/wp-json\/wp\/v2\/pages\/1934\/revisions\/2041"}],"wp:attachment":[{"href":"https:\/\/academiaolhodehorus.com.br\/index.php\/wp-json\/wp\/v2\/media?parent=1934"}],"curies":[{"name":"wp","href":"https:\/\/api.w.org\/{rel}","templated":true}]}}