{"id":58,"date":"2023-07-07T00:10:57","date_gmt":"2023-07-07T00:10:57","guid":{"rendered":"https:\/\/academiaolhodehorus.com.br\/?page_id=58"},"modified":"2023-08-07T02:04:23","modified_gmt":"2023-08-07T02:04:23","slug":"a-origem","status":"publish","type":"page","link":"https:\/\/academiaolhodehorus.com.br\/index.php\/a-origem\/","title":{"rendered":"A  Origem"},"content":{"rendered":"\n<div class=\"wp-block-group alignwide has-background is-layout-constrained wp-container-1\" style=\"border-style:none;border-width:0px;border-radius:0px;background-color:#f2f0e9;padding-top:0;padding-right:0;padding-bottom:0;padding-left:0\">\n<hr class=\"wp-block-separator has-css-opacity is-style-default\"\/>\n\n\n\n<figure class=\"wp-block-image aligncenter size-thumbnail is-style-rounded\"><img decoding=\"async\" loading=\"lazy\" width=\"150\" height=\"150\" src=\"https:\/\/academiaolhodehorus.com.br\/wp-content\/uploads\/2023\/07\/IMG-20230703-WA0000-150x150.jpg\" alt=\"\" class=\"wp-image-20\"\/><\/figure>\n\n\n\n<blockquote class=\"wp-block-quote is-style-large\" style=\"line-height:1\">\n<p class=\"has-text-align-center\" style=\"font-size:16px;line-height:1.1\"><strong>A Origem<\/strong><\/p>\n\n\n\n<p class=\"has-text-align-left\" style=\"font-size:16px;line-height:1.5\">A semente do projeto <strong>ACADEMIA OLHO DE H\u00d3RUS<\/strong> nasceu em agosto de 2020, em meio \u00e0 pandemia da COVID-19, quando o grupo de trabalho denominado <strong><em>BYST.END<\/em><\/strong>, formado por profissionais de jornalismo, comunica\u00e7\u00e3o e tecnologia, fez uma s\u00e9rie de reuni\u00f5es virtuais (o que era poss\u00edvel \u00e0 \u00e9poca) para discutir desafios da nova sociedade e poss\u00edveis iniciativas.<\/p>\n\n\n\n<p class=\"has-text-align-left\" style=\"font-size:16px;line-height:1.5\">Naquele momento, chamou a aten\u00e7\u00e3o a hist\u00f3rica problem\u00e1tica da viol\u00eancia contra mulheres, que se agravou naquele per\u00edodo em que as v\u00edtimas estavam ainda mais expostas aos agressores, confinadas com eles por mais tempo sob o mesmo teto e com possiblidades ainda mais restritas de acessar ajuda. Apesar do crescimento de 40% desse tipo de agress\u00e3o no mundo todo, no Brasil ca\u00edram as den\u00fancias pela dificuldade de alcan\u00e7ar os canais (Veja em: <a href=\"https:\/\/forumseguranca.org.br\/tag\/pandemia\/\" target=\"_blank\" rel=\"noreferrer noopener\">https:\/\/forumseguranca.org.br\/tag\/pandemia\/<\/a> e <a href=\"https:\/\/www.acnur.org\/portugues\/2020\/11\/25\/violencia-contra-a-mulher-aumenta-durante-a-pandemia-de-covid-19\/\" target=\"_blank\" rel=\"noreferrer noopener\">https:\/\/www.acnur.org\/portugues\/2020\/11\/25\/violencia-contra-a-mulher-aumenta-durante-a-pandemia-de-covid-19\/<\/a>).<\/p>\n\n\n\n<p class=\"has-text-align-left\" style=\"font-size:16px;line-height:1.5\">O que percebemos \u00e9 que as viol\u00eancias contra as mulheres s\u00e3o um problema hist\u00f3rico e de maior escala na sociedade. Durante as pesquisas e execu\u00e7\u00e3o dos trabalhos, \u00e0 medida que estabelec\u00edamos contato com essas iniciativas bem-sucedidas, al\u00e9m de ficarmos muito impressionados, foi crescendo em n\u00f3s a certeza de que esse conjunto de informa\u00e7\u00f5es reunidas sobre valiosos conhecimentos e experi\u00eancias, desenvolvidos a partir das lutas travadas no decorrer das \u00faltimas quatro d\u00e9cadas, deveria ser compilado, compartilhado e difundido o m\u00e1ximo poss\u00edvel.<\/p>\n\n\n\n<p class=\"has-text-align-left\" style=\"font-size:16px;line-height:1.5\">Assim, mais pessoas e organiza\u00e7\u00f5es poderiam ter acesso a esses conhecimentos e experi\u00eancias e us\u00e1-los em favor de uma sociedade mais justa e igualit\u00e1ria. <\/p>\n\n\n\n<p class=\"has-text-align-left\" style=\"font-size:16px;line-height:1.5\">\u00c9 uma evolu\u00e7\u00e3o civilizat\u00f3ria necess\u00e1ria. <\/p>\n\n\n\n<p class=\"has-text-align-left\" style=\"font-size:16px;line-height:1.5\">Acreditamos que o contato com informa\u00e7\u00f5es pode acelerar a sensibiliza\u00e7\u00e3o das pessoas, o reconhecimento e compreens\u00e3o do problema e a tomada de a\u00e7\u00f5es para super\u00e1-lo. <\/p>\n\n\n\n<p class=\"has-text-align-left\" style=\"font-size:16px;line-height:1.5\">Nossa viv\u00eancia mostra isso. Com o intenso acesso a conte\u00fados diversos sobre o tema, nosso grupo de trabalho, composto majoritariamente por homens, mudou radicalmente nossa forma de entender essas quest\u00f5es e a necessidade de participarmos da solu\u00e7\u00e3o. <\/p>\n\n\n\n<p class=\"has-text-align-left\" style=\"font-size:16px;line-height:1.5\">Hoje podemos dizer que fazemos parte de uma, ainda minoria, de \u00b4homens conscientes.<\/p>\n<cite>\u2014 by Bystenders, <em>Editorial<\/em><\/cite><\/blockquote>\n\n\n\n<div style=\"height:15px\" aria-hidden=\"true\" class=\"wp-block-spacer\"><\/div>\n\n\n\n<hr class=\"wp-block-separator has-css-opacity is-style-default\"\/>\n<\/div>\n","protected":false},"excerpt":{"rendered":"<p>A Origem A semente do projeto ACADEMIA OLHO DE H\u00d3RUS nasceu em agosto de 2020, em meio \u00e0 pandemia da COVID-19, quando o grupo de trabalho denominado BYST.END, formado por profissionais de jornalismo, comunica\u00e7\u00e3o e tecnologia, fez uma s\u00e9rie de reuni\u00f5es virtuais (o que era poss\u00edvel \u00e0 \u00e9poca) para discutir desafios da nova sociedade e [&hellip;]<\/p>\n","protected":false},"author":2,"featured_media":0,"parent":0,"menu_order":0,"comment_status":"closed","ping_status":"closed","template":"","meta":[],"_links":{"self":[{"href":"https:\/\/academiaolhodehorus.com.br\/index.php\/wp-json\/wp\/v2\/pages\/58"}],"collection":[{"href":"https:\/\/academiaolhodehorus.com.br\/index.php\/wp-json\/wp\/v2\/pages"}],"about":[{"href":"https:\/\/academiaolhodehorus.com.br\/index.php\/wp-json\/wp\/v2\/types\/page"}],"author":[{"embeddable":true,"href":"https:\/\/academiaolhodehorus.com.br\/index.php\/wp-json\/wp\/v2\/users\/2"}],"replies":[{"embeddable":true,"href":"https:\/\/academiaolhodehorus.com.br\/index.php\/wp-json\/wp\/v2\/comments?post=58"}],"version-history":[{"count":28,"href":"https:\/\/academiaolhodehorus.com.br\/index.php\/wp-json\/wp\/v2\/pages\/58\/revisions"}],"predecessor-version":[{"id":2040,"href":"https:\/\/academiaolhodehorus.com.br\/index.php\/wp-json\/wp\/v2\/pages\/58\/revisions\/2040"}],"wp:attachment":[{"href":"https:\/\/academiaolhodehorus.com.br\/index.php\/wp-json\/wp\/v2\/media?parent=58"}],"curies":[{"name":"wp","href":"https:\/\/api.w.org\/{rel}","templated":true}]}}

<div class="wp-block-group alignwide has-background is-layout-constrained wp-container-1" style="border-style:none;border-width:0px;border-radius:0px;background-color:#f2f0e9;padding-top:0;padding-right:0;padding-bottom:0;padding-left:0">
<hr class="wp-block-separator has-css-opacity is-style-default"/>



<figure class="wp-block-image aligncenter size-thumbnail is-style-rounded"><img decoding="async" loading="lazy" width="150" height="150" src="https://academiaolhodehorus.com.br/wp-content/uploads/2023/07/IMG-20230703-WA0000-150x150.jpg" alt="" class="wp-image-20"/></figure>



<blockquote class="wp-block-quote is-style-large" style="line-height:1">
<p class="has-text-align-center" style="font-size:16px;line-height:1.1"><strong>A Origem</strong></p>



<p class="has-text-align-left" style="font-size:16px;line-height:1.5">A semente do projeto <strong>ACADEMIA OLHO DE HÓRUS</strong> nasceu em agosto de 2020, em meio à pandemia da COVID-19, quando o grupo de trabalho denominado <strong><em>BYST.END</em></strong>, formado por profissionais de jornalismo, comunicação e tecnologia, fez uma série de reuniões virtuais (o que era possível à época) para discutir desafios da nova sociedade e possíveis iniciativas.</p>



<p class="has-text-align-left" style="font-size:16px;line-height:1.5">Naquele momento, chamou a atenção a histórica problemática da violência contra mulheres, que se agravou naquele período em que as vítimas estavam ainda mais expostas aos agressores, confinadas com eles por mais tempo sob o mesmo teto e com possiblidades ainda mais restritas de acessar ajuda. Apesar do crescimento de 40% desse tipo de agressão no mundo todo, no Brasil caíram as denúncias pela dificuldade de alcançar os canais (Veja em: <a href="https://forumseguranca.org.br/tag/pandemia/" target="_blank" rel="noreferrer noopener">https://forumseguranca.org.br/tag/pandemia/</a> e <a href="https://www.acnur.org/portugues/2020/11/25/violencia-contra-a-mulher-aumenta-durante-a-pandemia-de-covid-19/" target="_blank" rel="noreferrer noopener">https://www.acnur.org/portugues/2020/11/25/violencia-contra-a-mulher-aumenta-durante-a-pandemia-de-covid-19/</a>).</p>



<p class="has-text-align-left" style="font-size:16px;line-height:1.5">O que percebemos é que as violências contra as mulheres são um problema histórico e de maior escala na sociedade. Durante as pesquisas e execução dos trabalhos, à medida que estabelecíamos contato com essas iniciativas bem-sucedidas, além de ficarmos muito impressionados, foi crescendo em nós a certeza de que esse conjunto de informações reunidas sobre valiosos conhecimentos e experiências, desenvolvidos a partir das lutas travadas no decorrer das últimas quatro décadas, deveria ser compilado, compartilhado e difundido o máximo possível.</p>



<p class="has-text-align-left" style="font-size:16px;line-height:1.5">Assim, mais pessoas e organizações poderiam ter acesso a esses conhecimentos e experiências e usá-los em favor de uma sociedade mais justa e igualitária. </p>



<p class="has-text-align-left" style="font-size:16px;line-height:1.5">É uma evolução civilizatória necessária. </p>



<p class="has-text-align-left" style="font-size:16px;line-height:1.5">Acreditamos que o contato com informações pode acelerar a sensibilização das pessoas, o reconhecimento e compreensão do problema e a tomada de ações para superá-lo. </p>



<p class="has-text-align-left" style="font-size:16px;line-height:1.5">Nossa vivência mostra isso. Com o intenso acesso a conteúdos diversos sobre o tema, nosso grupo de trabalho, composto majoritariamente por homens, mudou radicalmente nossa forma de entender essas questões e a necessidade de participarmos da solução. </p>



<p class="has-text-align-left" style="font-size:16px;line-height:1.5">Hoje podemos dizer que fazemos parte de uma, ainda minoria, de ´homens conscientes.</p>
<cite>— by Bystenders, <em>Editorial</em></cite></blockquote>



<div style="height:15px" aria-hidden="true" class="wp-block-spacer"></div>



<hr class="wp-block-separator has-css-opacity is-style-default"/>
</div>

<p>A Origem A semente do projeto ACADEMIA OLHO DE HÓRUS nasceu em agosto de 2020, em meio à pandemia da COVID-19, quando o grupo de trabalho denominado BYST.END, formado por profissionais de jornalismo, comunicação e tecnologia, fez uma série de reuniões virtuais (o que era possível à época) para discutir desafios da nova sociedade e [&hellip;]</p>
